514
Convert 34 (base 13) to base 11.
3a
What is -10011111 (base 2) in base 10?
-159
1 (base 14) to base 8
1
What is 11 (base 2) in base 6?
3
-245 (base 8) to base 12
-119
What is 4 (base 16) in base 11?
4
Convert 123 (base 4) to base 11.
25
Convert 23 (base 8) to base 15.
14
-10200 (base 3) to base 7
-201
-1013 (base 5) to base 12
-b1
0 (base 14) to base 6
0
Convert -175 (base 11) to base 12.
-14b
What is 3 (base 10) in base 4?
3
What is 1a3 (base 12) in base 13?
177
What is 31 (base 6) in base 10?
19
What is -452 (base 6) in base 11?
-150
Convert -320 (base 4) to base 5.
-211
What is 11 (base 8) in base 5?
14
-81 (base 10) to base 6
-213
Convert -b (base 13) to base 14.
-b
What is 23 (base 6) in base 7?
21
Convert 14 (base 10) to base 16.
e
Convert -56 (base 10) to base 9.
-62
Convert -10 (base 4) to base 8.
-4
3 (base 5) to base 2
11
Convert 1111 (base 2) to base 12.
13
What is 110 (base 9) in base 3?
10100
Convert 6 (base 13) to base 3.
20
What is -222 (base 5) in base 7?
-116
42 (base 16) to base 9
73
Convert -108 (base 11) to base 5.
-1004
-33 (base 11) to base 15
-26
Convert 0 (base 12) to base 9.
0
-2233 (base 4) to base 11
-14a
What is -4 (base 13) in base 9?
-4
Convert -4 (base 5) to base 14.
-4
What is -4 (base 12) in base 11?
-4
2 (base 15) to base 5
2
What is -63 (base 13) in base 8?
-121
What is -34 (base 11) in base 9?
-41
What is 44 (base 5) in base 9?
26
What is -10 (base 4) in base 14?
-4
10221 (base 3) to base 10
106
-274 (base 10) to base 9
-334
Convert 22 (base 16) to base 8.
42
Convert -4 (base 12) to base 16.
-4
Convert -3 (base 13) to base 10.
-3
Convert 23 (base 13) to base 16.
1d
4 (base 12) to base 9
4
What is -10 (base 4) in base 3?
-11
Convert -12 (base 4) to base 14.
-6
1a3 (base 14) to base 10
339
What is -4c (base 14) in base 11?
-62
11 (base 8) to base 2
1001
What is -4 (base 13) in base 2?
-100
-6 (base 13) to base 5
-11
What is -2 (base 4) in base 6?
-2
Convert -112 (base 3) to base 12.
-12
What is 102000 (base 3) in base 6?
1213
What is -80 (base 11) in base 6?
-224
Convert -5 (base 15) to base 11.
-5
Convert -13 (base 10) to base 13.
-10
What is -3 (base 11) in base 8?
-3
Convert -9 (base 13) to base 11.
-9
Convert -9 (base 12) to base 10.
-9
What is -8 (base 12) in base 7?
-11
What is -42 (base 9) in base 14?
-2a
Convert 23 (base 6) to base 12.
13
What is 10 (base 7) in base 16?
7
-3 (base 12) to base 9
-3
21 (base 4) to base 7
12
What is 1 (base 11) in base 9?
1
Convert 1 (base 13) to base 3.
1
Convert 2 (base 16) to base 6.
2
1001 (base 2) to base 10
9
What is 5e (base 16) in base 6?
234
-1011 (base 2) to base 5
-21
Convert -c (base 16) to base 4.
-30
What is -110 (base 3) in base 14?
-c
a0 (base 16) to base 12
114
Convert 3133 (base 4) to base 15.
ed
-22 (base 16) to base 4
-202
-a (base 11) to base 3
-101
1 (base 16) to base 11
1
-2 (base 9) to base 3
-2
What is 11 (base 3) in base 4?
10
What is c (base 13) in base 7?
15
Convert 0 (base 11) to base 15.
0
Convert -1 (base 6) to base 2.
-1
Convert 18 (base 13) to base 2.
10101
What is -87 (base 10) in base 9?
-106
What is 2 (base 15) in base 14?
2
22 (base 5) to base 10
12
Convert -17 (base 13) to base 10.
-20
Convert 11 (base 2) to base 11.
3
What is 6 (base 10) in base 9?
6
Convert 101 (base 2) to base 8.
5
Convert -120 (base 4) to base 10.
-24
-74 (base 13) to base 2
-1011111
-125 (base 6) to base 12
-45
213 (base 6) to base 12
69
Convert -2 (base 10) to base 6.
-2
Convert -9 (base 14) to base 9.
-10
Convert -247 (base 10) to base 13.
-160
What is a1 (base 11) in base 8?
157
Convert 11a (base 12) to base 10.
166
Convert 3 (base 5) to base 4.
3
-2 (base 14) to base 6
-2
-2 (base 3) to base 16
-2
-342 (base 5) to base 4
-1201
What is -111102 (base 3) in base 6?
-1402
-12 (base 4) to base 2
-110
-110 (base 5) to base 12
-26
Convert -2101 (base 3) to base 8.
-100
Convert 1 (base 10) to base 13.
1
Convert 6 (base 13) to base 11.
6
What is 10010 (base 2) in base 7?
24
What is -22 (base 4) in base 12?
-a
-111 (base 2) to base 3
-21
What is 16 (base 15) in base 3?
210
What is -4 (base 7) in base 4?
-10
251 (base 6) to base 12
87
What is 10 (base 10) in base 5?
20
Convert 130 (base 9) to base 3.
11000
What is 1121 (base 4) in base 9?
108
4 (base 10) to base 5
4
0 (base 4) to base 11
0
Convert -24 (base 6) to base 15.
-11
What is -54 (base 16) in base 9?
-103
-35 (base 12) to base 6
-105
What is 1000 (base 2) in base 16?
8
What is 10 (base 8) in base 6?
12
-1b (base 16) to base 10
-27
What is 2c (base 16) in base 9?
48
What is -3 (base 5) in base 13?
-3
Convert -79 (base 12) to base 3.
-10110
Convert 9 (base 12) to base 4.
21
What is -102 (base 3) in base 10?
-11
What is -3 (base 13) in base 12?
-3
Convert -462 (base 7) to base 4.
-3300
Convert -21 (base 5) to base 12.
-b
-3 (base 4) to base 8
-3
1d (base 16) to base 6
45
Convert -13 (base 4) to base 9.
-7
-121 (base 10) to base 7
-232
What is 8 (base 11) in base 4?
20
34 (base 7) to base 6
41
What is 0 (base 16) in base 4?
0
-15 (base 15) to base 10
-20
What is 19 (base 11) in base 3?
202
Convert -16 (base 7) to base 5.
-23
What is 320 (base 7) in base 16?
a1
-111 (base 2) to base 7
-10
What is -6 (base 7) in base 8?
-6
Convert 201 (base 3) to base 16.
13
-1322 (base 4) to base 6
-322
7 (base 16) to base 10
7
-13 (base 4) to base 5
-12
What is -11 (base 2) in base 15?
-3
Convert -2 (base 9) to base 13.
-2
Convert 20 (base 3) to base 12.
6
What is 3 (base 7) in base 16?
3
What is 12 (base 15) in base 9?
18
Convert -35 (base 12) to base 4.
-221
Convert 16 (base 13) to base 16.
13
13 (base 5) to base 10
8
Convert -10011 (base 2) to base 4.
-103
What is -20 (base 8) in base 3?
-121
18 (base 10) to base 8
22
What is -2 (base 5) in base 6?
-2
34 (base 7) to base 16
19
What is -24 (base 5) in base 11?
-13
Convert 18 (base 11) to base 10.
19
What is 0 (base 11) in base 15?
0
Convert 1 (base 11) to base 13.
1
1 (base 6) to base 9
1
What is 5 (base 10) in base 2?
101
Convert 5 (base 16) to base 3.
12
1 (base 7) to base 14
1
What is a (base 16) in base 6?
14
Convert 72 (base 8) to base 3.
2011
7 (base 12) to base 2
111
4 (base 6) to base 10
4
-4 (base 11) to base 15
-4
Convert 32 (base 5) to base 15.
12
6 (base 10) to base 7
6
What is 100011 (base 2) in base 7?
50
Convert -14 (base 8) to base 3.
-110
170 (base 9) to base 14
a4
-20 (base 3) to base 15
-6
What is 1 (base 13) in base 8?
1
Convert -12101 (base 4) to base 12.
-295
43 (base 11) to base 15
32
Convert 122 (base 10) to base 11.
101
-114 (base 15) to base 9
-301
-10 (base 6) to base 2
-110
Convert -10 (base 8) to base 3.
-22
134 (base 11) to base 13
c2
What is -15 (base 6) in base 3?
-102
What is 1213 (base 4) in base 11?
94
Convert -4 (base 5) to base 13.
-4
-9 (base 12) to base 10
-9
-1b7 (base 12) to base 3
-101111
Convert -6 (base 15) to base 5.
-11
-3 (base 12) to base 13
-3
-156 (base 13) to base 11
-1a9
10 (base 7) to base 13
7
What is 40 (base 5) in base 8?
24
What is -2 (base 11) in base 6?
-2
-3 (base 15) to base 10
-3
What is 7 (base 12) in base 9?
7
Convert 3 (base 12) to base 10.
3
What is a (base 12) in base 8?
12
What is 10 (base 5) in base 10?
5
Convert 0 (base 13) to base 4.
0
Convert -21 (base 7) to base 4.
-33
Convert 56 (base 12) to base 6.
150
What is -10 (base 4) in base 3?
-11
-203 (base 5) to base 3
-1222
11011 (base 2) to base 13
21
What is 1111 (base 3) in base 5?
130
What is 2 (base 16) in base 8?
2
-1 (base 14) to base 9
-1
Convert 3b (base 14) to base 13.
41
What is -41 (base 8) in base 12?
-29
-8 (base 9) to base 2
-1000
What is -10 (base 8) in base 10?
-8
Convert -2 (base 4) to base 16.
-2
What is -18 (base 15) in base 10?
-23
What is -6 (base 7) in base 6?
-10
121 (base 4) to base 15
1a
What is 0 (base 6) in base 11?
0
Convert 1 (base 14) to base 8.
1
What is 0 (base 16) in base 15?
0
-454 (base 6) to base 12
-12a
18 (base 15) to base 3
212
-10 (base 5) to base 2
-101
a (base 12) to base 3
101
1 (base 8) to base 2
1
7 (base 16) to base 12
7
Convert 0 (base 2) to base 3.
0
What is -10d (base 16) in base 8?
-415
What is 11 (base 3) in base 10?
4
Convert 10 (base 4) to base 2.
100
22 (base 7) to base 2
10000
Convert 200 (base 3) to base 11.
17
What is -24 (base 10) in base 13?
-1b
Convert 10000 (base 2) to base 14.
12
-9 (base 15) 